{"id":1104,"date":"2018-08-01T23:31:36","date_gmt":"2018-08-01T21:31:36","guid":{"rendered":"https:\/\/buchmaler.org\/?post_type=product&#038;p=1104"},"modified":"2024-04-30T10:16:32","modified_gmt":"2024-04-30T08:16:32","slug":"rubrik-ii-30ml","status":"publish","type":"product","link":"https:\/\/buchmaler.org\/?product=rubrik-ii-30ml","title":{"rendered":"Rubrik &#8211; Fl\u00fcssig"},"content":{"rendered":"<p>Auf Anfrage bereiten wir ihnen gerne 30ml Rubrik zu. Wir weisen jedoch ausdr\u00fccklich darauf hin, das die Tinte durch das darin enthaltene rohe Ei nur sehr begrenzt haltbar ist.<br \/>\n<img loading=\"lazy\" decoding=\"async\" class=\"alignleft size-full wp-image-1111\" src=\"https:\/\/buchmaler.org\/wp-content\/uploads\/2018\/08\/Schriftbild-Rubrik-II.jpg\" alt=\"\" width=\"200\" height=\"105\"><\/p>\n<p>Da sich die Rotpigmente mit der Zeit am Boden absetzen, muss die Tinte vor der Benutzung gr\u00fcndlich aufger\u00fchrt werden. Ebenso beim Schreiben l\u00e4ngerer Texte. Die Tinte m\u00f6chte zwischendurch immer wieder einmal aufger\u00fchrt werden. Zeitgen\u00f6ssische Rezept Autoren fordern sogar dazu auf die Rubrik vor jedem eintauchen der Feder aufzur\u00fchren.<br \/>\nIst die Tinte etwas d\u00fcnner oder dicker gew\u00fcnscht, l\u00e4sst sich die Viskosit\u00e4t durch Verdunstung, bzw. dem Hinzuf\u00fcgen von Wasser regulieren. Die Bestandteile dieser Tinte sind: Wasser, Zinnober, Gummi arabicum, Eiwei\u00df und Eigelb. Aufgrund des in ihr enthaltenen Zinnobers ist die Tinte als giftig zu behandeln, weshalb sie auf keinen Fall in die H\u00e4nde von Kindern gelangen darf. Ferner ist nicht auszuschlie\u00dfen das durch das in der Tinte verarbeitete rohe Ei Salmonellen entstehen k\u00f6nnen. Beachten Sie zu der Tinte bitte die weiter unten folgenden Warn- und Gefahrenhinweise.&nbsp;Beachten sie bitte auch das durch das verarbeitete Ei und die unweigerlich einsetzende F\u00e4ulnis Gase entstehen, bewahren sie die angesetzte Tinte deshalb nicht in einem geschlossenem Beh\u00e4lter auf, bzw. entl\u00fcften sie diesen t\u00e4glich wenn sie ihn verschlossen halten.<\/p>\n<p>Das hier angebotene Produkt besteht aus 30 ml \u201eRubrik &#8222;, die in ein Glasfl\u00e4schchen mit Plastik Schraubdeckel abgef\u00fcllt, geliefert wird.<\/p>\n<p>&nbsp;<\/p>\n<figure id=\"attachment_1080\" aria-describedby=\"caption-attachment-1080\" style=\"width: 80px\" class=\"wp-caption alignright\"><img loading=\"lazy\" decoding=\"async\" class=\"wp-image-1080 size-full\" src=\"https:\/\/buchmaler.org\/wp-content\/uploads\/2018\/07\/ghs07.png\" alt=\"\" width=\"80\" height=\"80\"><figcaption id=\"caption-attachment-1080\" class=\"wp-caption-text\">GHS07-1<\/figcaption><\/figure>\n<p><strong>Abgabe nur an professionelle Anwender<\/strong>. Bitte lesen Sie das <a href=\"https:\/\/buchmaler.org\/dokumente\/Sicherheitsdatenblatt-Rubrik-Rote_Tinte.pdf\" target=\"_blank\" rel=\"noopener noreferrer\">Sicherheitsdatenblatt<\/a>.<\/p>\n<p><strong>Gefahrenhinweise<\/strong><br \/>\nEUH031: Zinnober entwickelt bei Ber\u00fchrung mit S\u00e4ure giftige Gase.<br \/>\nH317: Zinnober kann bei Kontakt allergische Hautreaktionen verursachen.<\/p>\n<p><strong>Sicherheitshinweise<\/strong><br \/>\nP280: Schutzhandschuhe -kleidung sowie Augen- und Gesichtsschutz tragen.<br \/>\nP333+P313: Bei Hautreizung oder -ausschlag: \u00c4rztlichen Rat einholen, bzw. \u00e4rztliche Hilfe erbitten.<\/p>\n<p>&nbsp;<\/p>\n<p>&nbsp;<\/p>\n","protected":false},"excerpt":{"rendered":"<p>Auf Anfrage bereiten wir ihnen gerne 30ml Rubrik zu. Wir weisen jedoch ausdr\u00fccklich darauf hin, das die Tinte durch das darin enthaltene rohe Ei nur sehr begrenzt haltbar ist. Da sich die Rotpigmente mit der Zeit am Boden absetzen, muss die Tinte vor der Benutzung gr\u00fcndlich aufger\u00fchrt werden. Ebenso beim Schreiben l\u00e4ngerer Texte. Die Tinte &hellip; <\/p>\n<p class=\"link-more\"><a href=\"https:\/\/buchmaler.org\/?product=rubrik-ii-30ml\" class=\"more-link\"><span class=\"screen-reader-text\">\u201eRubrik &#8211; Fl\u00fcssig\u201c <\/span>weiterlesen<\/a><\/p>\n","protected":false},"featured_media":1154,"template":"","meta":{"ngg_post_thumbnail":0},"product_brand":[],"product_cat":[117],"product_tag":[],"class_list":{"0":"post-1104","1":"product","2":"type-product","3":"status-publish","4":"has-post-thumbnail","6":"product_cat-rubrik","7":"product_shipping_class-paket-brief","9":"first","10":"instock","11":"shipping-taxable","12":"purchasable","13":"product-type-simple"},"_links":{"self":[{"href":"https:\/\/buchmaler.org\/index.php?rest_route=\/wp\/v2\/product\/1104","targetHints":{"allow":["GET"]}}],"collection":[{"href":"https:\/\/buchmaler.org\/index.php?rest_route=\/wp\/v2\/product"}],"about":[{"href":"https:\/\/buchmaler.org\/index.php?rest_route=\/wp\/v2\/types\/product"}],"wp:featuredmedia":[{"embeddable":true,"href":"https:\/\/buchmaler.org\/index.php?rest_route=\/wp\/v2\/media\/1154"}],"wp:attachment":[{"href":"https:\/\/buchmaler.org\/index.php?rest_route=%2Fwp%2Fv2%2Fmedia&parent=1104"}],"wp:term":[{"taxonomy":"product_brand","embeddable":true,"href":"https:\/\/buchmaler.org\/index.php?rest_route=%2Fwp%2Fv2%2Fproduct_brand&post=1104"},{"taxonomy":"product_cat","embeddable":true,"href":"https:\/\/buchmaler.org\/index.php?rest_route=%2Fwp%2Fv2%2Fproduct_cat&post=1104"},{"taxonomy":"product_tag","embeddable":true,"href":"https:\/\/buchmaler.org\/index.php?rest_route=%2Fwp%2Fv2%2Fproduct_tag&post=1104"}],"curies":[{"name":"wp","href":"https:\/\/api.w.org\/{rel}","templated":true}]}}