{"id":1106,"date":"2018-08-01T21:20:56","date_gmt":"2018-08-01T19:20:56","guid":{"rendered":"https:\/\/buchmaler.org\/?post_type=product&#038;p=1106"},"modified":"2025-05-18T17:35:25","modified_gmt":"2025-05-18T15:35:25","slug":"muschelschalen-codakia-tigerina","status":"publish","type":"product","link":"https:\/\/buchmaler.org\/?product=muschelschalen-codakia-tigerina","title":{"rendered":"Muschelschalen &#8211; Codakia tigerina"},"content":{"rendered":"<p>Will man f\u00fcr die Buchmalerei mit Temperaturwasser und Pigmenten, oder mit Saftfarben, eine Farbton Anmischen, Farbe aufhellen, etc., braucht man dazu ein Gef\u00e4\u00df.<br \/>\nDie Buchmaler des Mittelalters haben dazu unter anderem Muschelschalen verwendet. Wie es auch der Verfasser des G\u00f6ttinger Musterbuchs empfiehlt:<\/p>\n<blockquote><p>\u2026 mischet es d\u00fcnner auf der Hand oder in einer Muschel \u2026<\/p><\/blockquote>\n<p>Bei der hier angebotenen Muschelschale handelt es sich um eine H\u00e4lfte einer Codakia tigerina. Die Schalen haben eine durchschnittliche Gr\u00f6\u00dfe von 6 x 5 x 2cm. Im Aussehen variieren die Muschelschalen. Manche sind rein wei\u00df, andere haben einen Rosefarbenen Rand, wieder andere einen Beigefarbenen Rand.<\/p>\n","protected":false},"excerpt":{"rendered":"<p>Will man f\u00fcr die Buchmalerei mit Temperaturwasser und Pigmenten, oder mit Saftfarben, eine Farbton Anmischen, Farbe aufhellen, etc., braucht man dazu ein Gef\u00e4\u00df. Die Buchmaler des Mittelalters haben dazu unter anderem Muschelschalen verwendet. Wie es auch der Verfasser des G\u00f6ttinger Musterbuchs empfiehlt: \u2026 mischet es d\u00fcnner auf der Hand oder in einer Muschel \u2026 Bei &hellip; <\/p>\n<p class=\"link-more\"><a href=\"https:\/\/buchmaler.org\/?product=muschelschalen-codakia-tigerina\" class=\"more-link\"><span class=\"screen-reader-text\">\u201eMuschelschalen &#8211; Codakia tigerina\u201c <\/span>weiterlesen<\/a><\/p>\n","protected":false},"featured_media":947,"template":"","meta":{"ngg_post_thumbnail":0},"product_brand":[],"product_cat":[100],"product_tag":[],"class_list":{"0":"post-1106","1":"product","2":"type-product","3":"status-publish","4":"has-post-thumbnail","6":"product_cat-behaeltnisse-zu-aufbewahren-und-verarbeiten-von-farben-und-tinten","7":"product_shipping_class-paket-brief","9":"first","10":"instock","11":"shipping-taxable","12":"purchasable","13":"product-type-simple"},"_links":{"self":[{"href":"https:\/\/buchmaler.org\/index.php?rest_route=\/wp\/v2\/product\/1106","targetHints":{"allow":["GET"]}}],"collection":[{"href":"https:\/\/buchmaler.org\/index.php?rest_route=\/wp\/v2\/product"}],"about":[{"href":"https:\/\/buchmaler.org\/index.php?rest_route=\/wp\/v2\/types\/product"}],"wp:featuredmedia":[{"embeddable":true,"href":"https:\/\/buchmaler.org\/index.php?rest_route=\/wp\/v2\/media\/947"}],"wp:attachment":[{"href":"https:\/\/buchmaler.org\/index.php?rest_route=%2Fwp%2Fv2%2Fmedia&parent=1106"}],"wp:term":[{"taxonomy":"product_brand","embeddable":true,"href":"https:\/\/buchmaler.org\/index.php?rest_route=%2Fwp%2Fv2%2Fproduct_brand&post=1106"},{"taxonomy":"product_cat","embeddable":true,"href":"https:\/\/buchmaler.org\/index.php?rest_route=%2Fwp%2Fv2%2Fproduct_cat&post=1106"},{"taxonomy":"product_tag","embeddable":true,"href":"https:\/\/buchmaler.org\/index.php?rest_route=%2Fwp%2Fv2%2Fproduct_tag&post=1106"}],"curies":[{"name":"wp","href":"https:\/\/api.w.org\/{rel}","templated":true}]}}