{"id":1121,"date":"2018-09-05T22:05:31","date_gmt":"2018-09-05T20:05:31","guid":{"rendered":"https:\/\/buchmaler.org\/?post_type=product&#038;p=1121"},"modified":"2025-12-07T15:35:02","modified_gmt":"2025-12-07T14:35:02","slug":"veroneser-gruene-erde","status":"publish","type":"product","link":"https:\/\/buchmaler.org\/?product=veroneser-gruene-erde","title":{"rendered":"Veroneser Gr\u00fcne Erde"},"content":{"rendered":"<p>Veroneser Gr\u00fcne Erde ist ein nat\u00fcrlich vorkommende Farberde, deren gr\u00fcne Farbe zweiwertige Eisen-Ionen verursacht wird.<br \/>\nDas hier angebotene Produkt besteht aus 100 g echter Veroneser Gr\u00fcne Erde, die in Kunststoffbeutel abgepackt geliefert wird.<\/p>\n<p>Geeignet f\u00fcr: Kalk \/ Fresko, \u00d6l, Tempera, Wasserfarben \/ Gouache, Zement \/ Tadelak<\/p>\n<p>LE 7 &#8211; 8<br \/>\nLE = lichtecht<br \/>\n7 &#8211; 8 = sehr gut bis hervorragend \/ 5 &#8211; 6 = gut<\/p>\n<p>Um die Pigmente f\u00fcr die Buchmalerei zu nutzen, m\u00fcssen sie mit einem Bindemittel, wie einem den <a href=\"https:\/\/buchmaler.org\/?p=820\" target=\"_blank\" rel=\"noopener\">von Boltz \u00fcberlieferten Temperaturwasser<\/a> zubereitet werden. Alles was f\u00fcr die Zubereitung der Temperaturwasser ben\u00f6tigt wird, findet sich <a href=\"https:\/\/buchmaler.org\/?product_cat=baumharze-bindemittel\" target=\"_blank\" rel=\"noopener\">hier im Shop unter Bindemittel &amp; Zusatzstoffe<\/a>. Wir haben aber auch <a href=\"https:\/\/buchmaler.org\/?product_cat=temperaturwasser\" target=\"_blank\" rel=\"noopener\">fertige Temperaturwasser<\/a> in unserem Angebot.<\/p>\n<p><a style=\"font-size: 1rem;\" href=\"https:\/\/buchmaler.org\/dokumente\/Sicherheitsdatenblatt-Pigment_Veroneser-gruene-Erde.pdf\" target=\"_blank\" rel=\"noopener\">Sicherheitsdatenblatt<\/a><span style=\"font-size: 1rem;\">.<\/span><\/p>\n","protected":false},"excerpt":{"rendered":"<p>Veroneser Gr\u00fcne Erde ist ein nat\u00fcrlich vorkommende Farberde, deren gr\u00fcne Farbe zweiwertige Eisen-Ionen verursacht wird. Das hier angebotene Produkt besteht aus 100 g echter Veroneser Gr\u00fcne Erde, die in Kunststoffbeutel abgepackt geliefert wird. Geeignet f\u00fcr: Kalk \/ Fresko, \u00d6l, Tempera, Wasserfarben \/ Gouache, Zement \/ Tadelak LE 7 &#8211; 8 LE = lichtecht 7 &#8211; &hellip; <\/p>\n<p class=\"link-more\"><a href=\"https:\/\/buchmaler.org\/?product=veroneser-gruene-erde\" class=\"more-link\"><span class=\"screen-reader-text\">\u201eVeroneser Gr\u00fcne Erde\u201c <\/span>weiterlesen<\/a><\/p>\n","protected":false},"featured_media":1125,"template":"","meta":{"ngg_post_thumbnail":0},"product_brand":[],"product_cat":[105],"product_tag":[],"class_list":{"0":"post-1121","1":"product","2":"type-product","3":"status-publish","4":"has-post-thumbnail","6":"product_cat-pigmente","7":"product_shipping_class-paket-brief","9":"first","10":"instock","11":"shipping-taxable","12":"purchasable","13":"product-type-simple"},"_links":{"self":[{"href":"https:\/\/buchmaler.org\/index.php?rest_route=\/wp\/v2\/product\/1121","targetHints":{"allow":["GET"]}}],"collection":[{"href":"https:\/\/buchmaler.org\/index.php?rest_route=\/wp\/v2\/product"}],"about":[{"href":"https:\/\/buchmaler.org\/index.php?rest_route=\/wp\/v2\/types\/product"}],"wp:featuredmedia":[{"embeddable":true,"href":"https:\/\/buchmaler.org\/index.php?rest_route=\/wp\/v2\/media\/1125"}],"wp:attachment":[{"href":"https:\/\/buchmaler.org\/index.php?rest_route=%2Fwp%2Fv2%2Fmedia&parent=1121"}],"wp:term":[{"taxonomy":"product_brand","embeddable":true,"href":"https:\/\/buchmaler.org\/index.php?rest_route=%2Fwp%2Fv2%2Fproduct_brand&post=1121"},{"taxonomy":"product_cat","embeddable":true,"href":"https:\/\/buchmaler.org\/index.php?rest_route=%2Fwp%2Fv2%2Fproduct_cat&post=1121"},{"taxonomy":"product_tag","embeddable":true,"href":"https:\/\/buchmaler.org\/index.php?rest_route=%2Fwp%2Fv2%2Fproduct_tag&post=1121"}],"curies":[{"name":"wp","href":"https:\/\/api.w.org\/{rel}","templated":true}]}}