{"id":1327,"date":"2019-02-23T22:41:01","date_gmt":"2019-02-23T21:41:01","guid":{"rendered":"https:\/\/buchmaler.org\/?post_type=product&#038;p=1327"},"modified":"2025-01-24T22:19:57","modified_gmt":"2025-01-24T21:19:57","slug":"kremserweiss","status":"publish","type":"product","link":"https:\/\/buchmaler.org\/?product=kremserweiss","title":{"rendered":"Kremserwei\u00df"},"content":{"rendered":"<p>Kremserwei\u00df (Bleiwei\u00df) ist ein Bleihaltiges Pigment das in der Buchmalerei und auch \u00d6lmalerei, rege Verwendung fand. Heutzutage darf Bleiwei\u00df in Deutschland nur zur Erhaltung und Wiederherstellung denkmalgesch\u00fctzter Kunstwerke verwendet werden. Das hier angebotene Produkt besteht aus 100 Gramm Kremserwei\u00df, das in einem Weithals-Kunststoffglas mit Schraubdeckel abgepackt geliefert wird.<\/p>\n<p>Geeignet f\u00fcr: Acryl, \u00d6l, Tempera, Gouache.<\/p>\n<p>Lichtechtheit: 8<\/p>\n<p>Bitte legen Sie der ausgef\u00fcllten Chemikalien Verbotsverordnung einen Gewerbenachweis, ein Diplom, einen Nachweis \u00fcber Ihre Mitgliedschaft im K\u00fcnstler-, oder Restauratorenverband, oder \u00e4hnliches, sowie einen Altersnachweis bei.<\/p>\n<p>&nbsp;<\/p>\n<ul>\n<li>Altersnachweis<\/li>\n<li>Chemikalien-Verbotsverordnung:&nbsp; Bitte das&nbsp;<br \/>\n<a href=\"https:\/\/buchmaler.org\/dokumente\/ChemVerbotsV-Formular.pdf\">Formular ausf\u00fcllen<\/a><\/li>\n<li><strong>Abgabe nur an professionelle Anwender<\/strong>. Bitte lesen Sie das <a href=\"https:\/\/buchmaler.org\/dokumente\/Sicherheitsdatenblatt-Pigment_Kremserweiss.pdf\">Sicherheitsdatenblatt<\/a>.<\/li>\n<\/ul>\n<p><strong>Verarbeitungs- und Warnhinweise<\/strong><br \/>\nEnth\u00e4lt Blei. Giftig. Nicht f\u00fcr den Anstrich von Gegenst\u00e4nden verwenden, die von Kindern gekaut oder gelutscht werden k\u00f6nnten. Nur f\u00fcr den berufsm\u00e4\u00dfigen Verwender!<\/p>\n<p><img loading=\"lazy\" decoding=\"async\" class=\"alignleft size-full wp-image-1331\" src=\"https:\/\/buchmaler.org\/wp-content\/uploads\/2019\/02\/Gefahrensymbole-Bleihaltig.png\" alt=\"\" width=\"304\" height=\"94\" srcset=\"https:\/\/buchmaler.org\/wp-content\/uploads\/2019\/02\/Gefahrensymbole-Bleihaltig.png 304w, https:\/\/buchmaler.org\/wp-content\/uploads\/2019\/02\/Gefahrensymbole-Bleihaltig-300x93.png 300w\" sizes=\"auto, (max-width: 304px) 100vw, 304px\" \/><\/p>\n<p>&nbsp;<\/p>\n<p>&nbsp;<\/p>\n<p>&nbsp;<\/p>\n<p><span style=\"color: #333333;\"><strong>Gefahrenhinweise<\/strong><\/span><br \/>\n<strong><span style=\"color: #808080;\">H302<\/span><\/strong>: Gesundheitssch\u00e4dlich bei Verschlucken.<br \/>\n<strong><span style=\"color: #808080;\">H332<\/span><\/strong>: Gesundheitssch\u00e4dlich bei Einatmen.<br \/>\n<span style=\"color: #808080;\"><strong>H360D<\/strong><\/span>: Kann das Kind im Mutterleib sch\u00e4digen.<br \/>\n<span style=\"color: #808080;\"><strong>H360f<\/strong><\/span>: Kann die Fruchtbarkeit beeintr\u00e4chtigen.<br \/>\n<span style=\"color: #808080;\"><strong>H373<\/strong><\/span>: Kann die Organe sch\u00e4digen bei l\u00e4ngerer oder wiederholter Exposition.<br \/>\n<span style=\"color: #808080;\"><strong>H410<\/strong><\/span>: Sehr giftig f\u00fcr Wasserorganismen mit langfristiger Wirkung.<\/p>\n<p><strong>Sicherheitshinweise<\/strong><br \/>\n<span style=\"color: #808080;\"><strong>P201<\/strong><\/span>: Vor Gebrauch besondere Anweisungen einholen.<br \/>\n<span style=\"color: #808080;\"><strong>P273<\/strong><\/span>: Freisetzung in die Umwelt vermeiden.<br \/>\n<span style=\"color: #808080;\"><strong>P308<\/strong><strong>+P313<\/strong><\/span>: Bei Exposition oder falls betroffen: \u00c4rztlichen Rat Einholen, und oder, \u00e4rztliche Hilfe hinzuziehen.<br \/>\n<span style=\"color: #808080;\"><strong>P501<\/strong><\/span>: Entsorgung des Inhalts\/Beh\u00e4lters gem\u00e4\u00df den \u00f6rtlichen, regionalen, nationalen u. internat. Vorschriften.<\/p>\n<p>Um die Pigmente f\u00fcr die Buchmalerei zu nutzen, m\u00fcssen sie mit einem Bindemittel, wie einem den <a href=\"https:\/\/buchmaler.org\/?p=820\" target=\"_blank\" rel=\"noopener\">von Boltz \u00fcberlieferten Temperaturwasser<\/a> zubereitet werden. Alles was f\u00fcr die Zubereitung der Temperaturwasser ben\u00f6tigt wird, findet sich <a href=\"https:\/\/buchmaler.org\/?product_cat=baumharze-bindemittel\" target=\"_blank\" rel=\"noopener\">hier im Shop unter Bindemittel &amp; Zusatzstoffe<\/a>. Wir haben aber auch <a href=\"https:\/\/buchmaler.org\/?product_cat=temperaturwasser\" target=\"_blank\" rel=\"noopener\">fertige Temperaturwasser<\/a> in unserem Angebot.<\/p>\n","protected":false},"excerpt":{"rendered":"<p>Kremserwei\u00df (Bleiwei\u00df) ist ein Bleihaltiges Pigment das in der Buchmalerei und auch \u00d6lmalerei, rege Verwendung fand. Heutzutage darf Bleiwei\u00df in Deutschland nur zur Erhaltung und Wiederherstellung denkmalgesch\u00fctzter Kunstwerke verwendet werden. Das hier angebotene Produkt besteht aus 100 Gramm Kremserwei\u00df, das in einem Weithals-Kunststoffglas mit Schraubdeckel abgepackt geliefert wird. Geeignet f\u00fcr: Acryl, \u00d6l, Tempera, Gouache. Lichtechtheit: &hellip; <\/p>\n<p class=\"link-more\"><a href=\"https:\/\/buchmaler.org\/?product=kremserweiss\" class=\"more-link\"><span class=\"screen-reader-text\">\u201eKremserwei\u00df\u201c <\/span>weiterlesen<\/a><\/p>\n","protected":false},"featured_media":1332,"template":"","meta":{"ngg_post_thumbnail":0},"product_brand":[],"product_cat":[105],"product_tag":[],"class_list":{"0":"post-1327","1":"product","2":"type-product","3":"status-publish","4":"has-post-thumbnail","6":"product_cat-pigmente","7":"product_shipping_class-paket-brief","9":"first","10":"instock","11":"shipping-taxable","12":"purchasable","13":"product-type-simple"},"_links":{"self":[{"href":"https:\/\/buchmaler.org\/index.php?rest_route=\/wp\/v2\/product\/1327","targetHints":{"allow":["GET"]}}],"collection":[{"href":"https:\/\/buchmaler.org\/index.php?rest_route=\/wp\/v2\/product"}],"about":[{"href":"https:\/\/buchmaler.org\/index.php?rest_route=\/wp\/v2\/types\/product"}],"wp:featuredmedia":[{"embeddable":true,"href":"https:\/\/buchmaler.org\/index.php?rest_route=\/wp\/v2\/media\/1332"}],"wp:attachment":[{"href":"https:\/\/buchmaler.org\/index.php?rest_route=%2Fwp%2Fv2%2Fmedia&parent=1327"}],"wp:term":[{"taxonomy":"product_brand","embeddable":true,"href":"https:\/\/buchmaler.org\/index.php?rest_route=%2Fwp%2Fv2%2Fproduct_brand&post=1327"},{"taxonomy":"product_cat","embeddable":true,"href":"https:\/\/buchmaler.org\/index.php?rest_route=%2Fwp%2Fv2%2Fproduct_cat&post=1327"},{"taxonomy":"product_tag","embeddable":true,"href":"https:\/\/buchmaler.org\/index.php?rest_route=%2Fwp%2Fv2%2Fproduct_tag&post=1327"}],"curies":[{"name":"wp","href":"https:\/\/api.w.org\/{rel}","templated":true}]}}