{"id":1879,"date":"2021-02-23T21:19:30","date_gmt":"2021-02-23T20:19:30","guid":{"rendered":"https:\/\/buchmaler.org\/?post_type=product&#038;p=1879"},"modified":"2022-07-28T21:30:59","modified_gmt":"2022-07-28T19:30:59","slug":"bleistift-blei-zinn-legierung","status":"publish","type":"product","link":"https:\/\/buchmaler.org\/?product=bleistift-blei-zinn-legierung","title":{"rendered":"Bleistift &#8211; Blei-Zinn Legierung"},"content":{"rendered":"<p>Vorzeichnungen wurden im Mittelalter im allgemeinen mit dem Bleistift, Bleigriffel (nicht zu verwechseln mit dem heute gebr\u00e4uchlichen Grafitstiften), bzw. Metallstiften, R\u00f6tel oder Aquarelltinte angefertigt.<br \/>\nOft werden die Bezeichnungen Bleistift und Bleigriffel miteinander vermischt, es handelt sich dabei jedoch um zwei verschiedene Formen.<br \/>\nDie Bleistifte bestanden aus Vollmaterial und werden unter anderem im Mayerne-Manuskript erw\u00e4hnt: \u2026 und [] zieht alle Striche aufs neue mit seinem Bleistift (der aus geschmolzenem Fensterblei bereitet, in Stiftform gegossen und mit einem Messer spitzig gemacht wird).<br \/>\nDie Griffel bestanden aus einem Griffst\u00fcck aus Metall oder Holz, das mit einer Spitze aus Blei \/ Bleizinn, bzw. einem anderen geeigneten Metall versehen wurde. Bei den Metallgriffeln wurde die Spitze aufgel\u00f6tet. Bei den Holzgriffeln wurde sie eingesteckt.<\/p>\n<p>Der hier angebotenen Bleistift besteht aus einer Blei- Zinn Legierung, wie sie von Cennino Cennini empfohlen wird. Der erzeugt auf Papier und Pergament deutlich sichtbaren Abrieb, ohne das es daf\u00fcr einer Grundierung bedarf. Wobei der Abrieb optisch von einem modernen Grafitstift nur schwerlich unterschieden werden kann.<br \/>\nZugespitzt wird der Stift wie oben beschrieben mit einem Messer. Die Spitze sollte jedoch \u00fcber keinerlei scharfe Kanten verf\u00fcgen, um den Untergrund beim Zeichnen nicht zu besch\u00e4digen.<\/p>\n<p>Da in Deutschland die Verwendung von Bleihaltigen Farben verboten ist, darf der Bleistift nur f\u00fcr Restaurierungen oder im Rahmen musealer Veranstaltungen, als Anschauungsobjekt verwendet werden.<br \/>\nAufgrund des giftigen Bleianteils sollte der Bleistift auf keinen Fall in die H\u00e4nde von Kindern gelangen, nicht mit den blo\u00dfen H\u00e4nden ber\u00fchrt werden, bzw. nach einem versehentlichen Kontakt sollten die H\u00e4nde gut gewaschen werden, auf keinen Fall beim Arbeiten mit dem Stift diesen, oder die behandschuhten H\u00e4nde zum Mund f\u00fchren.<\/p>\n<p>Das hier angebotene Produkt besteht aus einem Bleistift auf Basis einer Blei-Zinn Legierung.<\/p>\n<p><img loading=\"lazy\" decoding=\"async\" class=\"alignleft wp-image-1894 size-medium\" src=\"https:\/\/buchmaler.org\/wp-content\/uploads\/2021\/03\/Bleizinngriffel-300x235.jpg\" alt=\"\" width=\"300\" height=\"235\" srcset=\"https:\/\/buchmaler.org\/wp-content\/uploads\/2021\/03\/Bleizinngriffel-300x235.jpg 300w, https:\/\/buchmaler.org\/wp-content\/uploads\/2021\/03\/Bleizinngriffel-768x601.jpg 768w, https:\/\/buchmaler.org\/wp-content\/uploads\/2021\/03\/Bleizinngriffel-350x274.jpg 350w, https:\/\/buchmaler.org\/wp-content\/uploads\/2021\/03\/Bleizinngriffel.jpg 800w\" sizes=\"auto, (max-width: 300px) 100vw, 300px\" \/><\/p>\n<p>&nbsp;<\/p>\n<p>&nbsp;<\/p>\n<p>&nbsp;<\/p>\n<p>&nbsp;<\/p>\n<p>&nbsp;<\/p>\n<ul>\n<li>Abgabe nur an professionelle Anwender. Bitte lesen Sie das <a href=\"https:\/\/buchmaler.org\/dokumente\/Sicherheitsdatenblatt-Bleistift.pdf\">Sicherheitsdatenblatt<\/a>.<\/li>\n<li>Altersnachweis.<\/li>\n<\/ul>\n<p><strong>Verarbeitungs- und Warnhinweise<\/strong><br \/>\nEnth\u00e4lt Blei. Giftig. Nicht f\u00fcr den Anstrich von Gegenst\u00e4nden verwenden, die von Kindern gekaut oder gelutscht werden k\u00f6nnten. Nur f\u00fcr den berufsm\u00e4\u00dfigen Verwender!<\/p>\n<p><img loading=\"lazy\" decoding=\"async\" class=\"alignleft size-full wp-image-1331\" src=\"https:\/\/buchmaler.org\/wp-content\/uploads\/2019\/02\/Gefahrensymbole-Bleihaltig.png\" alt=\"\" width=\"304\" height=\"94\" srcset=\"https:\/\/buchmaler.org\/wp-content\/uploads\/2019\/02\/Gefahrensymbole-Bleihaltig.png 304w, https:\/\/buchmaler.org\/wp-content\/uploads\/2019\/02\/Gefahrensymbole-Bleihaltig-300x93.png 300w\" sizes=\"auto, (max-width: 304px) 100vw, 304px\" \/><\/p>\n<p>&nbsp;<\/p>\n<p>&nbsp;<\/p>\n<p><span style=\"color: #ffffff;\">jjjjjjjjjjjjjjjjjjjjjjjjjjjjjjjjjjjjjjjjjjjjjjjj<\/span><\/p>\n<p><strong>Gefahrenhinweise<\/strong><br \/>\n<strong>H302<\/strong>: Gesundheitssch\u00e4dlich bei Verschlucken.<br \/>\n<strong>H332<\/strong>: Gesundheitssch\u00e4dlich bei Einatmen.<br \/>\n<strong>H360D<\/strong>: Kann das Kind im Mutterleib sch\u00e4digen.<br \/>\n<strong>H360f<\/strong>: Kann die Fruchtbarkeit beeintr\u00e4chtigen.<br \/>\n<strong>H373<\/strong>: Kann die Organe sch\u00e4digen bei l\u00e4ngerer oder wiederholter Exposition.<br \/>\n<strong>H410<\/strong>: Sehr giftig f\u00fcr Wasserorganismen mit langfristiger Wirkung.<br \/>\nSicherheitshinweise<br \/>\n<strong>P201<\/strong>: Vor Gebrauch besondere Anweisungen einholen.<br \/>\n<strong>P273<\/strong>: Freisetzung in die Umwelt vermeiden.<br \/>\n<strong>P308+P313<\/strong>: Bei Exposition oder falls betroffen: \u00c4rztlichen Rat Einholen, und oder, \u00e4rztliche Hilfe hinzuziehen.<br \/>\n<strong>P501<\/strong>: Entsorgung des Inhalts\/Beh\u00e4lters gem\u00e4\u00df den \u00f6rtlichen, regionalen, nationalen u. internat. Vorschriften.<\/p>\n","protected":false},"excerpt":{"rendered":"<p>Vorzeichnungen wurden im Mittelalter im allgemeinen mit dem Bleistift, Bleigriffel (nicht zu verwechseln mit dem heute gebr\u00e4uchlichen Grafitstiften), bzw. Metallstiften, R\u00f6tel oder Aquarelltinte angefertigt. Oft werden die Bezeichnungen Bleistift und Bleigriffel miteinander vermischt, es handelt sich dabei jedoch um zwei verschiedene Formen. Die Bleistifte bestanden aus Vollmaterial und werden unter anderem im Mayerne-Manuskript erw\u00e4hnt: \u2026 &hellip; <\/p>\n<p class=\"link-more\"><a href=\"https:\/\/buchmaler.org\/?product=bleistift-blei-zinn-legierung\" class=\"more-link\"><span class=\"screen-reader-text\">\u201eBleistift &#8211; Blei-Zinn Legierung\u201c <\/span>weiterlesen<\/a><\/p>\n","protected":false},"featured_media":1885,"template":"","meta":{"ngg_post_thumbnail":0},"product_brand":[],"product_cat":[162],"product_tag":[],"class_list":{"0":"post-1879","1":"product","2":"type-product","3":"status-publish","4":"has-post-thumbnail","6":"product_cat-zeichenbedarf","7":"product_shipping_class-paket-brief","9":"first","10":"outofstock","11":"shipping-taxable","12":"purchasable","13":"product-type-simple"},"_links":{"self":[{"href":"https:\/\/buchmaler.org\/index.php?rest_route=\/wp\/v2\/product\/1879","targetHints":{"allow":["GET"]}}],"collection":[{"href":"https:\/\/buchmaler.org\/index.php?rest_route=\/wp\/v2\/product"}],"about":[{"href":"https:\/\/buchmaler.org\/index.php?rest_route=\/wp\/v2\/types\/product"}],"wp:featuredmedia":[{"embeddable":true,"href":"https:\/\/buchmaler.org\/index.php?rest_route=\/wp\/v2\/media\/1885"}],"wp:attachment":[{"href":"https:\/\/buchmaler.org\/index.php?rest_route=%2Fwp%2Fv2%2Fmedia&parent=1879"}],"wp:term":[{"taxonomy":"product_brand","embeddable":true,"href":"https:\/\/buchmaler.org\/index.php?rest_route=%2Fwp%2Fv2%2Fproduct_brand&post=1879"},{"taxonomy":"product_cat","embeddable":true,"href":"https:\/\/buchmaler.org\/index.php?rest_route=%2Fwp%2Fv2%2Fproduct_cat&post=1879"},{"taxonomy":"product_tag","embeddable":true,"href":"https:\/\/buchmaler.org\/index.php?rest_route=%2Fwp%2Fv2%2Fproduct_tag&post=1879"}],"curies":[{"name":"wp","href":"https:\/\/api.w.org\/{rel}","templated":true}]}}