{"id":1887,"date":"2021-03-12T18:41:31","date_gmt":"2021-03-12T17:41:31","guid":{"rendered":"https:\/\/buchmaler.org\/?post_type=product&#038;p=1887"},"modified":"2025-01-24T22:03:10","modified_gmt":"2025-01-24T21:03:10","slug":"glasplatte","status":"publish","type":"product","link":"https:\/\/buchmaler.org\/?product=glasplatte","title":{"rendered":"Glasplatte"},"content":{"rendered":"<p>Glasplatten werden sp\u00e4testens ab dem Ende des 15. Jahrhunderts in vereinzelten Malerb\u00fcchlein f\u00fcr das Anmischen von Farben empfohlen. Gerade zum Anlegen von Licht und Schatten, also dem Abdunkeln und Aufhellen von Farben, sind sie sehr hilfreich.<\/p>\n<p>So k\u00f6nnen, z.B. aus den Muschelschalen, kleine Mengen der ben\u00f6tigten Farbe entnommen und auf der Glasplatte heller oder dunkler ausgemischt werden.<\/p>\n<p>Sollten die Mischfarben austrocknen, k\u00f6nnen sie mit ein wenig Wasser oder Temperaturwasser wieder nutzbar gemacht werden.<\/p>\n<p>Nicht mehr ben\u00f6tigte Farbreste k\u00f6nnen von der Glasplatte einfach mit Wasser abgewaschen werden.<\/p>\n<p>Das hier angebotene Produkt besteht aus einer Glasplatte von 6mm St\u00e4rke, mit einer Grundfl\u00e4che von 10 x 15 cm. Die R\u00e4nder sind rundum ges\u00e4umt, so das die Kanten nicht mehr scharfkantig sind.<\/p>\n<p><img loading=\"lazy\" decoding=\"async\" class=\"alignleft size-medium wp-image-1898\" src=\"https:\/\/buchmaler.org\/wp-content\/uploads\/2021\/03\/Glasplatte-Pinsel-Mittel-300x300.jpg\" alt=\"\" width=\"300\" height=\"300\" srcset=\"https:\/\/buchmaler.org\/wp-content\/uploads\/2021\/03\/Glasplatte-Pinsel-Mittel-300x300.jpg 300w, https:\/\/buchmaler.org\/wp-content\/uploads\/2021\/03\/Glasplatte-Pinsel-Mittel-845x845.jpg 845w, https:\/\/buchmaler.org\/wp-content\/uploads\/2021\/03\/Glasplatte-Pinsel-Mittel-150x150.jpg 150w, https:\/\/buchmaler.org\/wp-content\/uploads\/2021\/03\/Glasplatte-Pinsel-Mittel-768x768.jpg 768w, https:\/\/buchmaler.org\/wp-content\/uploads\/2021\/03\/Glasplatte-Pinsel-Mittel-100x100.jpg 100w, https:\/\/buchmaler.org\/wp-content\/uploads\/2021\/03\/Glasplatte-Pinsel-Mittel-250x250.jpg 250w, https:\/\/buchmaler.org\/wp-content\/uploads\/2021\/03\/Glasplatte-Pinsel-Mittel-350x350.jpg 350w, https:\/\/buchmaler.org\/wp-content\/uploads\/2021\/03\/Glasplatte-Pinsel-Mittel.jpg 1024w\" sizes=\"auto, (max-width: 300px) 100vw, 300px\" \/><\/p>\n","protected":false},"excerpt":{"rendered":"<p>Glasplatten werden sp\u00e4testens ab dem Ende des 15. Jahrhunderts in vereinzelten Malerb\u00fcchlein f\u00fcr das Anmischen von Farben empfohlen. Gerade zum Anlegen von Licht und Schatten, also dem Abdunkeln und Aufhellen von Farben, sind sie sehr hilfreich. So k\u00f6nnen, z.B. aus den Muschelschalen, kleine Mengen der ben\u00f6tigten Farbe entnommen und auf der Glasplatte heller oder dunkler &hellip; <\/p>\n<p class=\"link-more\"><a href=\"https:\/\/buchmaler.org\/?product=glasplatte\" class=\"more-link\"><span class=\"screen-reader-text\">\u201eGlasplatte\u201c <\/span>weiterlesen<\/a><\/p>\n","protected":false},"featured_media":1899,"template":"","meta":{"ngg_post_thumbnail":0},"product_brand":[],"product_cat":[100],"product_tag":[],"class_list":{"0":"post-1887","1":"product","2":"type-product","3":"status-publish","4":"has-post-thumbnail","6":"product_cat-behaeltnisse-zu-aufbewahren-und-verarbeiten-von-farben-und-tinten","7":"product_shipping_class-paket-brief","9":"first","10":"instock","11":"purchasable","12":"product-type-simple"},"_links":{"self":[{"href":"https:\/\/buchmaler.org\/index.php?rest_route=\/wp\/v2\/product\/1887","targetHints":{"allow":["GET"]}}],"collection":[{"href":"https:\/\/buchmaler.org\/index.php?rest_route=\/wp\/v2\/product"}],"about":[{"href":"https:\/\/buchmaler.org\/index.php?rest_route=\/wp\/v2\/types\/product"}],"wp:featuredmedia":[{"embeddable":true,"href":"https:\/\/buchmaler.org\/index.php?rest_route=\/wp\/v2\/media\/1899"}],"wp:attachment":[{"href":"https:\/\/buchmaler.org\/index.php?rest_route=%2Fwp%2Fv2%2Fmedia&parent=1887"}],"wp:term":[{"taxonomy":"product_brand","embeddable":true,"href":"https:\/\/buchmaler.org\/index.php?rest_route=%2Fwp%2Fv2%2Fproduct_brand&post=1887"},{"taxonomy":"product_cat","embeddable":true,"href":"https:\/\/buchmaler.org\/index.php?rest_route=%2Fwp%2Fv2%2Fproduct_cat&post=1887"},{"taxonomy":"product_tag","embeddable":true,"href":"https:\/\/buchmaler.org\/index.php?rest_route=%2Fwp%2Fv2%2Fproduct_tag&post=1887"}],"curies":[{"name":"wp","href":"https:\/\/api.w.org\/{rel}","templated":true}]}}