{"id":2301,"date":"2023-03-02T20:11:19","date_gmt":"2023-03-02T19:11:19","guid":{"rendered":"https:\/\/buchmaler.org\/?post_type=product&#038;p=2301"},"modified":"2025-01-24T21:51:02","modified_gmt":"2025-01-24T20:51:02","slug":"haus-indigo","status":"publish","type":"product","link":"https:\/\/buchmaler.org\/?product=haus-indigo","title":{"rendered":"Haus Indigo"},"content":{"rendered":"<p>Als Haus Indigo bezeichnet der Verfasser des sp\u00e4tmittelalterlichen Saftfarbenrezeptes, ein aus Ligusterbeeren gewonnenes Blau. Wobei die Farbbezeichnung Indigo den Farbton voll trifft, er zeigt ein sattes tiefes Dunkelblau.<\/p>\n<p>Die Zubereitung der Farbe zieht sich \u00fcber mehrere Monate hin und am Ende des Prozesses gewinnt man einen z\u00e4hfl\u00fcssigen violetten Sirup.<\/p>\n<p>Um die Farbe zu benutzen entnimmt man, z.B. mit einem St\u00f6ckchen, etwas von dem Farbsud und streift ihn in einer Muschelschale oder einem anderen Gef\u00e4\u00df ab und gie\u00dft etwas Temperaturwasser auf. Anschlie\u00dfend den Farbsud und das Temperaturwasser mit dem Finger oder Pinsel verr\u00fchren, fertig ist die Farbe.<\/p>\n<p>Direkt nach dem Auftragen der Farbe, zeigt diese einen violetten Farbton, der dann bei der Trocknung ziemlich schnell in ein tiefes Blau umschl\u00e4gt.<\/p>\n<p>Das hier angebotene Produkt besteht aus 3 Gramm Haus-Indigo das in einen Klarsichtbeh\u00e4lter mit Schraubverschluss abgef\u00fcllt ist.<\/p>\n<p>&nbsp;<\/p>\n<figure id=\"attachment_2142\" aria-describedby=\"caption-attachment-2142\" style=\"width: 300px\" class=\"wp-caption aligncenter\"><img loading=\"lazy\" decoding=\"async\" class=\"size-medium wp-image-2142\" src=\"https:\/\/buchmaler.org\/wp-content\/uploads\/2022\/09\/Haus-Indigo-Farbprobe-300x239.jpg\" alt=\"\" width=\"300\" height=\"239\" srcset=\"https:\/\/buchmaler.org\/wp-content\/uploads\/2022\/09\/Haus-Indigo-Farbprobe-300x239.jpg 300w, https:\/\/buchmaler.org\/wp-content\/uploads\/2022\/09\/Haus-Indigo-Farbprobe-845x674.jpg 845w, https:\/\/buchmaler.org\/wp-content\/uploads\/2022\/09\/Haus-Indigo-Farbprobe-768x613.jpg 768w, https:\/\/buchmaler.org\/wp-content\/uploads\/2022\/09\/Haus-Indigo-Farbprobe-350x279.jpg 350w, https:\/\/buchmaler.org\/wp-content\/uploads\/2022\/09\/Haus-Indigo-Farbprobe.jpg 950w\" sizes=\"auto, (max-width: 300px) 100vw, 300px\" \/><figcaption id=\"caption-attachment-2142\" class=\"wp-caption-text\">Die obere Farbprobe ist im Schatten fotografiert, die untere in der Sonne.<\/figcaption><\/figure>\nngg_shortcode_0_placeholder\n","protected":false},"excerpt":{"rendered":"<p>Als Haus Indigo bezeichnet der Verfasser des sp\u00e4tmittelalterlichen Saftfarbenrezeptes, ein aus Ligusterbeeren gewonnenes Blau. Wobei die Farbbezeichnung Indigo den Farbton voll trifft, er zeigt ein sattes tiefes Dunkelblau. Die Zubereitung der Farbe zieht sich \u00fcber mehrere Monate hin und am Ende des Prozesses gewinnt man einen z\u00e4hfl\u00fcssigen violetten Sirup. Um die Farbe zu benutzen entnimmt &hellip; <\/p>\n<p class=\"link-more\"><a href=\"https:\/\/buchmaler.org\/?product=haus-indigo\" class=\"more-link\"><span class=\"screen-reader-text\">\u201eHaus Indigo\u201c <\/span>weiterlesen<\/a><\/p>\n","protected":false},"featured_media":2141,"template":"","meta":{"ngg_post_thumbnail":0},"product_brand":[],"product_cat":[51],"product_tag":[],"class_list":{"0":"post-2301","1":"product","2":"type-product","3":"status-publish","4":"has-post-thumbnail","6":"product_cat-saftfarben","7":"product_shipping_class-paket-brief","9":"first","10":"instock","11":"shipping-taxable","12":"purchasable","13":"product-type-variable"},"_links":{"self":[{"href":"https:\/\/buchmaler.org\/index.php?rest_route=\/wp\/v2\/product\/2301","targetHints":{"allow":["GET"]}}],"collection":[{"href":"https:\/\/buchmaler.org\/index.php?rest_route=\/wp\/v2\/product"}],"about":[{"href":"https:\/\/buchmaler.org\/index.php?rest_route=\/wp\/v2\/types\/product"}],"wp:featuredmedia":[{"embeddable":true,"href":"https:\/\/buchmaler.org\/index.php?rest_route=\/wp\/v2\/media\/2141"}],"wp:attachment":[{"href":"https:\/\/buchmaler.org\/index.php?rest_route=%2Fwp%2Fv2%2Fmedia&parent=2301"}],"wp:term":[{"taxonomy":"product_brand","embeddable":true,"href":"https:\/\/buchmaler.org\/index.php?rest_route=%2Fwp%2Fv2%2Fproduct_brand&post=2301"},{"taxonomy":"product_cat","embeddable":true,"href":"https:\/\/buchmaler.org\/index.php?rest_route=%2Fwp%2Fv2%2Fproduct_cat&post=2301"},{"taxonomy":"product_tag","embeddable":true,"href":"https:\/\/buchmaler.org\/index.php?rest_route=%2Fwp%2Fv2%2Fproduct_tag&post=2301"}],"curies":[{"name":"wp","href":"https:\/\/api.w.org\/{rel}","templated":true}]}}