{"id":265,"date":"2018-05-10T22:14:35","date_gmt":"2018-05-10T20:14:35","guid":{"rendered":"https:\/\/buchmaler.org\/?post_type=product&#038;p=265"},"modified":"2025-06-12T17:13:40","modified_gmt":"2025-06-12T15:13:40","slug":"eisengallus-reisetinte","status":"publish","type":"product","link":"https:\/\/buchmaler.org\/?product=eisengallus-reisetinte","title":{"rendered":"Eisengallus Tintenpulver"},"content":{"rendered":"<p>Bei diesem Produkt handelt es sich um ein Tintenpulver, das von uns nach einem sp\u00e4tmittelalterlichen Rezept aus dem Colmarer Kunstbuch zubereitet wurde. Dabei wird zun\u00e4chst eine sehr konzentrierte Eisengallustinte hergestellt, die aus Essig, Vitriol und Gummi Arabicum besteht und deren feste Bestandteile nicht herausgefiltert werden.<br \/>\n<img loading=\"lazy\" decoding=\"async\" class=\"alignleft size-thumbnail wp-image-2510\" src=\"https:\/\/buchmaler.org\/wp-content\/uploads\/2018\/05\/Eisengallustintenpulver-Schriftprobe-150x64.jpg\" alt=\"\" width=\"150\" height=\"64\">Nachdem die Tinte, nach l\u00e4ngerer Reifezeit, fertig ist, wird sie wieder getrocknet, um aus der getrockneten Masse das Tintenpulver zu gewinnen. Die Herstellung dieses Tintenpulvers ist sehr aufw\u00e4ndig.<br \/>\nDas Tintenpulver kann auf Reisen mitgenommen werden, ohne dass man sich Sorgen machen muss, dass ein Tintenf\u00e4sschen im Gep\u00e4ck auslaufen k\u00f6nnte. Ben\u00f6tigt man Tinte, nimmt man ein wenig des Pulvers und l\u00f6st es in etwas&nbsp; Wei\u00dfwein.<\/p>\n<p>Das Eisengallustintenpulver wird als gesto\u00dfenes Pulver, in einem widerverschlie\u00dfbarem Kunststoffbeutelchen geliefert. In dem Kunststoffbeutelchen befinden sich 5 Gramm des Tintenpulvers.<\/p>\nngg_shortcode_0_placeholder\n","protected":false},"excerpt":{"rendered":"<p>Bei diesem Produkt handelt es sich um ein Tintenpulver, das von uns nach einem sp\u00e4tmittelalterlichen Rezept aus dem Colmarer Kunstbuch zubereitet wurde. Dabei wird zun\u00e4chst eine sehr konzentrierte Eisengallustinte hergestellt, die aus Essig, Vitriol und Gummi Arabicum besteht und deren feste Bestandteile nicht herausgefiltert werden. Nachdem die Tinte, nach l\u00e4ngerer Reifezeit, fertig ist, wird sie &hellip; <\/p>\n<p class=\"link-more\"><a href=\"https:\/\/buchmaler.org\/?product=eisengallus-reisetinte\" class=\"more-link\"><span class=\"screen-reader-text\">\u201eEisengallus Tintenpulver\u201c <\/span>weiterlesen<\/a><\/p>\n","protected":false},"featured_media":2509,"template":"","meta":{"ngg_post_thumbnail":0},"product_brand":[],"product_cat":[48],"product_tag":[76,81,82],"class_list":{"0":"post-265","1":"product","2":"type-product","3":"status-publish","4":"has-post-thumbnail","6":"product_cat-tinten","7":"product_tag-eisengallustinte","8":"product_tag-reisetinte","9":"product_tag-tintenpulver","10":"product_shipping_class-paket-brief","12":"first","13":"instock","14":"shipping-taxable","15":"purchasable","16":"product-type-simple"},"_links":{"self":[{"href":"https:\/\/buchmaler.org\/index.php?rest_route=\/wp\/v2\/product\/265","targetHints":{"allow":["GET"]}}],"collection":[{"href":"https:\/\/buchmaler.org\/index.php?rest_route=\/wp\/v2\/product"}],"about":[{"href":"https:\/\/buchmaler.org\/index.php?rest_route=\/wp\/v2\/types\/product"}],"wp:featuredmedia":[{"embeddable":true,"href":"https:\/\/buchmaler.org\/index.php?rest_route=\/wp\/v2\/media\/2509"}],"wp:attachment":[{"href":"https:\/\/buchmaler.org\/index.php?rest_route=%2Fwp%2Fv2%2Fmedia&parent=265"}],"wp:term":[{"taxonomy":"product_brand","embeddable":true,"href":"https:\/\/buchmaler.org\/index.php?rest_route=%2Fwp%2Fv2%2Fproduct_brand&post=265"},{"taxonomy":"product_cat","embeddable":true,"href":"https:\/\/buchmaler.org\/index.php?rest_route=%2Fwp%2Fv2%2Fproduct_cat&post=265"},{"taxonomy":"product_tag","embeddable":true,"href":"https:\/\/buchmaler.org\/index.php?rest_route=%2Fwp%2Fv2%2Fproduct_tag&post=265"}],"curies":[{"name":"wp","href":"https:\/\/api.w.org\/{rel}","templated":true}]}}