{"id":3056,"date":"2026-02-02T20:31:23","date_gmt":"2026-02-02T19:31:23","guid":{"rendered":"https:\/\/buchmaler.org\/?post_type=product&#038;p=3056"},"modified":"2026-02-02T20:31:23","modified_gmt":"2026-02-02T19:31:23","slug":"laeufer-mittel","status":"publish","type":"product","link":"https:\/\/buchmaler.org\/?product=laeufer-mittel","title":{"rendered":"L\u00e4ufer Mittel"},"content":{"rendered":"<p>In der Buchmalerei m\u00fcssen die zu verwendenden Farben selbst zubereitet werden. Dazu m\u00fcssen sie, wenn die Pigmente als Rohmaterial verf\u00fcgbar sind zun\u00e4chst im M\u00f6rser m\u00f6glichst feine gesto\u00dfen, gesiebt und gereinigt werden. Anschlie\u00dfend m\u00fcssen sie gerieben werden. Aber auch bereits gerieben gekaufte Pigmente werden in der Regel nicht schlechter wenn sie noch feiner gerieben werden (Mit Ausnahme ein paar weniger, die nicht so viel gerieben werden d\u00fcrfen). Cennino Cennini schreibt dazu:<\/p>\n<p>Reibe die Farbe eine halbe Stunde, eine Stunde oder so lange du willst. Wisse aber: W\u00fcrdest du ein ganzes Jahr lang reiben, die Farbe w\u00fcrde nur umso besser.<\/p>\n<p>Zum Anreiben wurde, und wird, eine Anreibeplatte und ein L\u00e4ufer verwendet. Cennino Cennini empfiehlt in seinem Buch von den Farben, eine Reibeplatte und einen L\u00e4ufer aus Porphyr. Das G\u00f6ttinger Musterbuch empfiehlt Platte und L\u00e4ufer aus Glas.<\/p>\n<p>Das hier angebotene Produkt besteht nur aus dem L\u00e4ufer. Die dazugeh\u00f6rige Anreibeplatte ist in dem Angebot nicht enthalten.<\/p>\n<p>Der hier angebotene L\u00e4ufer besteht aus Glas. Der L\u00e4ufer verf\u00fcgt \u00fcber eine angeraute Lauffl\u00e4che, hat einen Durchmesser von 50 mm und ein Gewicht von ca. 145 g.<\/p>\nngg_shortcode_0_placeholder\n","protected":false},"excerpt":{"rendered":"<p>In der Buchmalerei m\u00fcssen die zu verwendenden Farben selbst zubereitet werden. Dazu m\u00fcssen sie, wenn die Pigmente als Rohmaterial verf\u00fcgbar sind zun\u00e4chst im M\u00f6rser m\u00f6glichst feine gesto\u00dfen, gesiebt und gereinigt werden. Anschlie\u00dfend m\u00fcssen sie gerieben werden. Aber auch bereits gerieben gekaufte Pigmente werden in der Regel nicht schlechter wenn sie noch feiner gerieben werden (Mit &hellip; <\/p>\n<p class=\"link-more\"><a href=\"https:\/\/buchmaler.org\/?product=laeufer-mittel\" class=\"more-link\"><span class=\"screen-reader-text\">\u201eL\u00e4ufer Mittel\u201c <\/span>weiterlesen<\/a><\/p>\n","protected":false},"featured_media":3068,"template":"","meta":{"ngg_post_thumbnail":0},"product_brand":[],"product_cat":[204],"product_tag":[],"class_list":{"0":"post-3056","1":"product","2":"type-product","3":"status-publish","4":"has-post-thumbnail","6":"product_cat-farben-anreiben","7":"product_shipping_class-paket-brief","9":"first","10":"instock","11":"shipping-taxable","12":"purchasable","13":"product-type-simple"},"_links":{"self":[{"href":"https:\/\/buchmaler.org\/index.php?rest_route=\/wp\/v2\/product\/3056","targetHints":{"allow":["GET"]}}],"collection":[{"href":"https:\/\/buchmaler.org\/index.php?rest_route=\/wp\/v2\/product"}],"about":[{"href":"https:\/\/buchmaler.org\/index.php?rest_route=\/wp\/v2\/types\/product"}],"wp:featuredmedia":[{"embeddable":true,"href":"https:\/\/buchmaler.org\/index.php?rest_route=\/wp\/v2\/media\/3068"}],"wp:attachment":[{"href":"https:\/\/buchmaler.org\/index.php?rest_route=%2Fwp%2Fv2%2Fmedia&parent=3056"}],"wp:term":[{"taxonomy":"product_brand","embeddable":true,"href":"https:\/\/buchmaler.org\/index.php?rest_route=%2Fwp%2Fv2%2Fproduct_brand&post=3056"},{"taxonomy":"product_cat","embeddable":true,"href":"https:\/\/buchmaler.org\/index.php?rest_route=%2Fwp%2Fv2%2Fproduct_cat&post=3056"},{"taxonomy":"product_tag","embeddable":true,"href":"https:\/\/buchmaler.org\/index.php?rest_route=%2Fwp%2Fv2%2Fproduct_tag&post=3056"}],"curies":[{"name":"wp","href":"https:\/\/api.w.org\/{rel}","templated":true}]}}